{"id":666,"date":"2019-03-29T20:59:46","date_gmt":"2019-03-29T19:59:46","guid":{"rendered":"https:\/\/www.lychee-berlin.de\/web\/?page_id=666"},"modified":"2019-04-02T22:39:59","modified_gmt":"2019-04-02T20:39:59","slug":"empfehlung","status":"publish","type":"page","link":"https:\/\/www.lychee-berlin.de\/web\/empfehlung\/","title":{"rendered":"Empfehlung"},"content":{"rendered":"<section class=\"wpb-content-wrapper\"><p>[vc_row css_animation=&#8221;&#8221; row_type=&#8221;row&#8221; use_row_as_full_screen_section=&#8221;no&#8221; type=&#8221;grid&#8221; angled_section=&#8221;no&#8221; text_align=&#8221;left&#8221; background_image_as_pattern=&#8221;without_pattern&#8221; z_index=&#8221;&#8221; css=&#8221;.vc_custom_1553897379319{padding-top: 190px !important;}&#8221;][vc_column][vc_single_image image=&#8221;679&#8243; img_size=&#8221;full&#8221; alignment=&#8221;center&#8221; style=&#8221;vc_box_shadow&#8221; onclick=&#8221;zoom&#8221; qode_css_animation=&#8221;&#8221;][\/vc_column][\/vc_row][vc_row css_animation=&#8221;&#8221; row_type=&#8221;row&#8221; use_row_as_full_screen_section=&#8221;no&#8221; type=&#8221;grid&#8221; angled_section=&#8221;no&#8221; text_align=&#8221;left&#8221; background_image_as_pattern=&#8221;without_pattern&#8221; z_index=&#8221;&#8221; padding_top=&#8221;0px&#8221; padding_bottom=&#8221;0&#8243; css=&#8221;.vc_custom_1553977056647{margin-bottom: 30px !important;}&#8221;][vc_column width=&#8221;1\/6&#8243; css=&#8221;.vc_custom_1553895390468{margin: 0px !important;padding: 0px !important;border: 0px initial !important;}&#8221;][\/vc_column][vc_column width=&#8221;2\/3&#8243; css=&#8221;.vc_custom_1553976499499{margin-top: 0px !important;margin-right: 0px !important;margin-bottom: 0px !important;margin-left: 0px !important;padding-top: 0px !important;padding-right: 0px !important;padding-bottom: 0px !important;padding-left: 0px !important;background-image: url(https:\/\/www.lychee-berlin.de\/web\/wp-content\/uploads\/2019\/03\/23456255_492758157765623_2340655220963701683_o.jpg?id=758) !important;background-position: center !important;background-repeat: no-repeat !important;background-size: cover !important;}&#8221;][vc_row_inner row_type=&#8221;row&#8221; type=&#8221;full_width&#8221; text_align=&#8221;left&#8221; css_animation=&#8221;&#8221; css=&#8221;.vc_custom_1553895241611{margin: 0px !important;padding: 0px !important;border: 0px initial !important;}&#8221;][vc_column_inner width=&#8221;1\/2&#8243; css=&#8221;.vc_custom_1553895411630{margin-top: 0px !important;margin-right: 0px !important;margin-bottom: 0px !important;margin-left: 0px !important;padding-top: 0px !important;padding-right: 0px !important;padding-bottom: 0px !important;padding-left: 0px !important;background-color: rgba(0,0,0,0.4) !important;*background-color: rgb(0,0,0) !important;}&#8221;][vc_column_text css=&#8221;.vc_custom_1553895511478{margin: 0px !important;padding: 10px !important;}&#8221;]<\/p>\n<h3>Dim Sum<\/h3>\n<p>Dim Sum sind kleine Gerichte, die meist ged\u00e4mpft oder frittiert sind. Sie stammen urspr\u00fcnglich aus der kantonesischen K\u00fcche Chinas. Zum Teil stammen die H\u00e4ppchen aus traditionellen Teeh\u00e4usern. Man findet sie in unz\u00e4hligen Variationen und allen Preisklassen, vor allem im S\u00fcden und Osten Chinas. Dim Sum werden zu klassischem chinesischen Tee serviert. Es ist \u00fcblich, die Mahlzeit je nach Geschmack mit Sojasauce oder anderen \u2013 zum Teil scharfen \u2013 So\u00dfen zu verfeinern. Den Gro\u00dfteil der Gerichte machen gef\u00fcllte Teigtaschen aus. Die F\u00fcllungen k\u00f6nnen aus allen denkbaren Sorten von Fleisch, Meerestieren und -fr\u00fcchten, aber auch aus Ei und S\u00fc\u00dfem bestehen.[\/vc_column_text][\/vc_column_inner][vc_column_inner width=&#8221;1\/2&#8243;][\/vc_column_inner][\/vc_row_inner][\/vc_column][vc_column width=&#8221;1\/6&#8243;][\/vc_column][\/vc_row][vc_row css_animation=&#8221;&#8221; row_type=&#8221;row&#8221; use_row_as_full_screen_section=&#8221;no&#8221; type=&#8221;grid&#8221; angled_section=&#8221;no&#8221; text_align=&#8221;left&#8221; background_image_as_pattern=&#8221;without_pattern&#8221; z_index=&#8221;&#8221; padding_top=&#8221;0px&#8221; padding_bottom=&#8221;0&#8243; css=&#8221;.vc_custom_1553977093842{margin-bottom: 30px !important;}&#8221;][vc_column width=&#8221;1\/6&#8243; css=&#8221;.vc_custom_1553895390468{margin: 0px !important;padding: 0px !important;border: 0px initial !important;}&#8221;][\/vc_column][vc_column width=&#8221;2\/3&#8243; css=&#8221;.vc_custom_1553976686221{margin-top: 0px !important;margin-right: 0px !important;margin-bottom: 0px !important;margin-left: 0px !important;padding-top: 0px !important;padding-right: 0px !important;padding-bottom: 0px !important;padding-left: 0px !important;background-image: url(https:\/\/www.lychee-berlin.de\/web\/wp-content\/uploads\/2019\/03\/22712316_486513821723390_8206812953301491968_o.jpg?id=764) !important;background-position: center !important;background-repeat: no-repeat !important;background-size: cover !important;}&#8221;][vc_row_inner row_type=&#8221;row&#8221; type=&#8221;full_width&#8221; text_align=&#8221;left&#8221; css_animation=&#8221;&#8221; css=&#8221;.vc_custom_1553897161055{margin-top: 0px !important;margin-right: 0px !important;margin-bottom: 0px !important;margin-left: 0px !important;padding-top: 0px !important;padding-right: 0px !important;padding-bottom: 0px !important;padding-left: 0px !important;}&#8221;][vc_column_inner width=&#8221;1\/2&#8243; css=&#8221;.vc_custom_1553895411630{margin-top: 0px !important;margin-right: 0px !important;margin-bottom: 0px !important;margin-left: 0px !important;padding-top: 0px !important;padding-right: 0px !important;padding-bottom: 0px !important;padding-left: 0px !important;background-color: rgba(0,0,0,0.4) !important;*background-color: rgb(0,0,0) !important;}&#8221;][\/vc_column_inner][vc_column_inner width=&#8221;1\/2&#8243; css=&#8221;.vc_custom_1553897149125{background-color: rgba(0,0,0,0.4) !important;*background-color: rgb(0,0,0) !important;}&#8221;][vc_column_text css=&#8221;.vc_custom_1553976796888{margin-top: 0px !important;margin-right: 0px !important;margin-bottom: 0px !important;margin-left: 0px !important;padding-top: 10px !important;padding-right: 10px !important;padding-bottom: 10px !important;padding-left: 10px !important;}&#8221; el_class=&#8221;salat3&#8243;]<\/p>\n<h3>Gebratene Garnelen<\/h3>\n<p>[\/vc_column_text][\/vc_column_inner][\/vc_row_inner][\/vc_column][vc_column width=&#8221;1\/6&#8243;][\/vc_column][\/vc_row][vc_row css_animation=&#8221;&#8221; row_type=&#8221;row&#8221; use_row_as_full_screen_section=&#8221;no&#8221; type=&#8221;grid&#8221; angled_section=&#8221;no&#8221; text_align=&#8221;left&#8221; background_image_as_pattern=&#8221;without_pattern&#8221; z_index=&#8221;&#8221; padding_top=&#8221;0px&#8221; padding_bottom=&#8221;0&#8243;][vc_column width=&#8221;1\/6&#8243; css=&#8221;.vc_custom_1553895390468{margin: 0px !important;padding: 0px !important;border: 0px initial !important;}&#8221;][\/vc_column][vc_column width=&#8221;2\/3&#8243; css=&#8221;.vc_custom_1553976835664{margin-top: 0px !important;margin-right: 0px !important;margin-bottom: 0px !important;margin-left: 0px !important;padding-top: 0px !important;padding-right: 0px !important;padding-bottom: 0px !important;padding-left: 0px !important;background-image: url(https:\/\/www.lychee-berlin.de\/web\/wp-content\/uploads\/2019\/03\/21950899_476170749424364_5984697254471439047_o.jpg?id=767) !important;background-position: center !important;background-repeat: no-repeat !important;background-size: cover !important;}&#8221; el_id=&#8221;nudelsuppe&#8221;][vc_row_inner row_type=&#8221;row&#8221; type=&#8221;full_width&#8221; text_align=&#8221;left&#8221; css_animation=&#8221;&#8221; css=&#8221;.vc_custom_1553895241611{margin: 0px !important;padding: 0px !important;border: 0px initial !important;}&#8221;][vc_column_inner width=&#8221;1\/2&#8243; css=&#8221;.vc_custom_1553896605121{margin-top: 0px !important;margin-right: 0px !important;margin-bottom: 0px !important;margin-left: 0px !important;padding-top: 0px !important;padding-right: 0px !important;padding-bottom: 0px !important;padding-left: 0px !important;background-color: rgba(0,0,0,0.4) !important;*background-color: rgb(0,0,0) !important;}&#8221; el_id=&#8221;suppe&#8221;][vc_column_text css=&#8221;.vc_custom_1553896990960{margin: 0px !important;padding: 10px !important;}&#8221; el_id=&#8221;suppe1&#8243; el_class=&#8221;suppe2&#8243;]<\/p>\n<h3>Nudelsuppe<\/h3>\n<p>Nudeln &#8211; die gibt es schon ewig! Schon die alten Griechen und die R\u00f6mer haben auf alten Zeichnungen mit Nudelh\u00f6lzern und Teigr\u00e4dchen hantiert. Das \u00e4lteste Nudelrezept, auf Pergamentpapier geschrieben, stammt aus China.[\/vc_column_text][\/vc_column_inner][vc_column_inner width=&#8221;1\/2&#8243;][\/vc_column_inner][\/vc_row_inner][\/vc_column][vc_column width=&#8221;1\/6&#8243;][\/vc_column][\/vc_row]<\/p>\n<\/section>","protected":false},"excerpt":{"rendered":"<p>[vc_row css_animation=&#8221;&#8221; row_type=&#8221;row&#8221; use_row_as_full_screen_section=&#8221;no&#8221; type=&#8221;grid&#8221; angled_section=&#8221;no&#8221; text_align=&#8221;left&#8221; background_image_as_pattern=&#8221;without_pattern&#8221; z_index=&#8221;&#8221; css=&#8221;.vc_custom_1553897379319{padding-top: 190px !important;}&#8221;][vc_column][vc_single_image image=&#8221;679&#8243; img_size=&#8221;full&#8221; alignment=&#8221;center&#8221; style=&#8221;vc_box_shadow&#8221; onclick=&#8221;zoom&#8221; qode_css_animation=&#8221;&#8221;][\/vc_column][\/vc_row][vc_row css_animation=&#8221;&#8221; row_type=&#8221;row&#8221; use_row_as_full_screen_section=&#8221;no&#8221; type=&#8221;grid&#8221; angled_section=&#8221;no&#8221; text_align=&#8221;left&#8221; background_image_as_pattern=&#8221;without_pattern&#8221; z_index=&#8221;&#8221; padding_top=&#8221;0px&#8221; padding_bottom=&#8221;0&#8243; css=&#8221;.vc_custom_1553977056647{margin-bottom: 30px !important;}&#8221;][vc_column width=&#8221;1\/6&#8243; css=&#8221;.vc_custom_1553895390468{margin: 0px !important;padding: 0px !important;border: 0px initial !important;}&#8221;][\/vc_column][vc_column width=&#8221;2\/3&#8243; css=&#8221;.vc_custom_1553976499499{margin-top: 0px !important;margin-right: 0px&#8230;<\/p>\n","protected":false},"author":1,"featured_media":0,"parent":0,"menu_order":18,"comment_status":"closed","ping_status":"closed","template":"full_width.php","meta":[],"_links":{"self":[{"href":"https:\/\/www.lychee-berlin.de\/web\/wp-json\/wp\/v2\/pages\/666"}],"collection":[{"href":"https:\/\/www.lychee-berlin.de\/web\/wp-json\/wp\/v2\/pages"}],"about":[{"href":"https:\/\/www.lychee-berlin.de\/web\/wp-json\/wp\/v2\/types\/page"}],"author":[{"embeddable":true,"href":"https:\/\/www.lychee-berlin.de\/web\/wp-json\/wp\/v2\/users\/1"}],"replies":[{"embeddable":true,"href":"https:\/\/www.lychee-berlin.de\/web\/wp-json\/wp\/v2\/comments?post=666"}],"version-history":[{"count":82,"href":"https:\/\/www.lychee-berlin.de\/web\/wp-json\/wp\/v2\/pages\/666\/revisions"}],"predecessor-version":[{"id":879,"href":"https:\/\/www.lychee-berlin.de\/web\/wp-json\/wp\/v2\/pages\/666\/revisions\/879"}],"wp:attachment":[{"href":"https:\/\/www.lychee-berlin.de\/web\/wp-json\/wp\/v2\/media?parent=666"}],"curies":[{"name":"wp","href":"https:\/\/api.w.org\/{rel}","templated":true}]}}